 - (3 - 0 - 8))?
6
What is the value of (60 - (16 - -12)) + -5?
27
What is 5 - 0 - (7 - (-5 - -10))?
3
Calculate -28 + (-63 - -67 - (-3 - -8 - 2)).
-27
Calculate -4 - (-7 + (6 - 5)) - (6 + -9).
5
What is the value of -2 + (12 + -9 - -8)?
9
What is the value of (0 - 0) + -14 + (-25 - -55)?
16
What is (3 - 4) + (-18 - -21) + 3?
5
What is 6 + -9 + 13 + (8 - (19 + -9))?
8
Evaluate (-7 - (-7 - (-5 + 6))) + -4.
-3
Calculate 2 - (-15 - (-56 - (-6 - 4))).
-29
-1 + 7 - (15 + 15 + -33)
9
Calculate -6 - (3 - 7) - (-2 + -2 + 0).
2
What is 0 + 0 + (23 - 37) + -10?
-24
What is -34 + -18 + (23 - -20)?
-9
(-35 - 2 - -10 - -11) + (7 - 0)
-9
What is (-8 - (-14 - 2)) + -13 + -5?
-10
(0 - ((9 - 13) + 8)) + 19 + 3
18
(0 + 7 - -8) + -7 + 4
12
What is -4 - (18 + -44 + 11)?
11
Evaluate 9 + (0 - (-5 + -3 + 19)).
-2
What is the value of 15 + -23 + 0 + 29?
21
(8 - 5) + -6 + 9
6
What is 11 + (15 - 5 - (5 + 0))?
16
-1 + 10 + (-4 + -6 - 10)
-11
18 + -31 + 4 - (11 + (-2 - 0))
-18
What is the value of -14 + 13 - (-4 - -6 - (-2 + -5))?
-10
Evaluate (9 + -40 - -35) + -18.
-14
(2 + (2 - 5) + 7 - 6) + -13
-13
Evaluate -9 - (5 + -9) - (19 - (7 - -4)).
-13
What is -4 - (-12 - (-21 - -9)) - -8 - 35?
-31
What is (-7 - 14 - -26) + -17?
-12
23 - (-1 - -18 - 4)
10
Evaluate 35 + (-16 - -13) + (-4 - 5).
23
What is the value of (-35 + 6 + 67 - (10 - 2)) + -1?
29
Evaluate 39 + (38 - 12 - 59).
6
Evaluate -24 - (-16 + (-24 - -14)).
2
What is -1 + (-6 - -2) + 12 + -1?
6
What is the value of (12 - 3 - 5) + 1 + 1 + -4?
2
Evaluate 3 - (12 - (24 + -12)).
3
Calculate 15 + (-17 - (-3 - (2 + 7))).
10
What is the value of -14 - ((-13 - 1) + 5)?
-5
What is the value of -13 + 2 - (-6 + 3)?
-8
Evaluate 2 + 1 + 22 + (24 - 46).
3
What is the value of -2 + 3 + -4 + 2 + (13 - 5)?
7
Calculate (-11 - -18) + (0 - (2 + 2) - 5).
-2
Evaluate (-83 - -67) + -3 + -21.
-40
Evaluate (4 - 7) + -2 - (3 + -27 + 3).
16
What is 4 + -12 - (-94 - -95)?
-9
Evaluate (2 - 7) + (1 - -1) + -17 + 13.
-7
What is the value of 14 - (8 - (6 - (1 - 21 - -8)))?
24
13 - (-1 + 4 - (5 + -4))
11
Evaluate 5 - ((-4 - 17 - 0 - -4) + 8).
14
Evaluate (-10 - -1) + 48 + (-40 - 20).
-21
Calculate -41 + 37 - (2 - (4 + -9)).
-11
(-15 - -5) + (0 - -8 - (10 - 34))
22
Calculate -1 - -12 - (38 + -12 + 53 + -81).
13
-5 - (-12 - (14 - (48 + -16)))
-11
Calculate -4 + (13 - (0 - (-4 - 1))) - 2.
2
What is 17 + -26 + (25 - 8)?
8
What is the value of (22 - 27) + (-7 - (-6 + -1))?
-5
Calculate (32 - 0) + (-698 - -691).
25
Evaluate 2 - (-29 + 5 - -5).
21
3 + (6 - 10) + 2 + 0
1
Evaluate -5 - (-4 + 0) - -4 - -1.
4
What is (-3 - -5) + 12 + -11 - (1 - -18)?
-16
What is -179 + 164 - (-23 - 0)?
8
What is the value of -21 - (-4 + 1 + -9)?
-9
(-4 + 4 - 8) + (3 - (-29 + 7))
17
Evaluate -4 + 13 + -9 - (5 - 19 - 3).
17
Evaluate 0 - (2 - (2 - (6 - (3 - -6)))).
3
What is the value of -5 - -1 - (-1 + -6 + 0 + 11)?
-8
What is 2 + 7 + (0 - 31) + 733 + -723?
-12
9 - (-6 + 12 + 0) - (2 + -10)
11
What is -2 - 0 - (1 + (-1 - -7))?
-9
What is the value of 12 + -2 - 10 - 2?
-2
Evaluate (4 - 2 - 8 - (-27 + 27)) + -4.
-10
Evaluate -20 - (-8 - (-1 - (6 - 3))).
-16
What is the value of 2 - (-5 + 3 + 2) - (-38 + 33)?
7
Evaluate (-6 - -2) + (129 - 135).
-10
What is 15 - (1 + -6 + 8)?
12
Calculate (1 - 3) + (16 - -8) - (-7 - -12).
17
Calculate (-107 - -104) + (0 - 0) + 1.
-2
Calculate (6 - (-6 - -3)) + -5 - 11.
-7
Evaluate -4 - (-9 - (8 - 5 - (0 - -7))).
1
Evaluate (3 + -5 - 6) + -22 + 34.
4
What is -10 + (2 - 8) + 0 + 4?
-12
What is the value of 38 - (-3 + 28) - 41?
-28
What is 129 + -140 - (9 - 3)?
-17
Evaluate 14 + (-9 - (-3 + 4)).
4
Calculate 21 - 13 - (2 + -6 - -5).
7
Calculate (-1 - -2) + (-4 - -5) + -1.
1
What is the value of -40 + 22 + -50 - -39?
-29
What is the value of 1 + 0 + 26 - (-11 + (7 - -13))?
18
Calculate (4 - -17) + -21 + 0 + (10 - 1).
9
Calculate (-11 - -5) + 13 + -2 + (-16 - 0).
-11
5 - (-7 + (-3 - -6) - -9) - -10
10
Evaluate 3 - (0 + -1) - (8 - -12).
-16
What is the value of 26 - (-17 + 28) - -13?
28
Calculate -2 + -3 + -1 + 1 - (-23 - -8).
10
What is the value of -2 + (-4 + -23 - -11) + 6?
-12
Evaluate -17 + 18 - (5 + -3 + -2 + 1).
0
13 + -22 + -4 + 3
-10
(-6 - -6) + -11 - -4
-7
Evaluate 4 - 4 - 1 - (-1 + -6 - 5).
11
Evaluate -18 + -1 + 38 + -39.
-20
Evaluate 6 + 0 + -5 + 0 + -1.
0
Evaluate -33 - (-37 + 17 + -3).
-10
Calculate 140 + -129 - (-4 - -2).
13
Calculate -5 + (-4 + 8 - -3 - (17 - 1)).
-14
What is the value of 35 + (-43 + 27 - 3)?
16
3 + -7 - (-5 + 3 + -1)
-1
Evaluate 18 + 11 - 8 - 14.
7
Evaluate -9 + (5 - 4) + 13.
5
What is (7 + -3 - -1 - (5 - 0)) + -4?
-4
What is the value of 144 + -150 - ((2 - 2) + -3)?
-3
What is 12 + 2 + -13 + 8 - 10?
-1
Calculate -8 - ((-1 - -5) + 0 + (-101 - -76)).
13
What is (4 - (-9 - -7)) + 18 + -26?
-2
What is -13 + 14 + 6 - 13?
-6
What is (-6 - (1 - 3)) + (44 - 45)?
-5
What is 1 + (-26 - (19 + -30))?
-14
(1 + 3 + -10 + -1 - -14) + -1
6
What is -9 + 5 + (-1 - 6 - (83 - 94))?
0
Evaluate 11 + -9 + 6 + -3 + 9.
14
13 - (16 + (9 - 9))
-3
5 + (-2 - 3) - (16 + -5)
-11
What is the value of (4 - (-1 - -1 - -10)) + 10 - -1?
5
5 - (-5 + 0 + 9) - 13
-12
Evaluate (-85 - -108) + (-26 - -1).
-2
Calculate -4 - (11 - (1 + 5)).
-9
23 + (9 - (8 - -12))
12
What is 7 - ((22 - 14) + -7) - 23?
-17
(-52 - -60) + -2 + 2 + -4
4
What is 335 + -359 - (2 - 37)?
11
What is the value of (-23 - 2) + (12 - 14) + 6?
-21
-37 + 1 + 1153 + -1154
-37
What is 1 - (-11 - (-10 - -9 - -3))?
14
Evaluate (-6 - 10) + (14 - 1).
-3
What is -10 - (-7 - (6 - 9) - 20)?
14
Calculate 10 - (-11 - (-19 - -12)).
14
What is 5 - (1 - 9) - 20?
-7
What is the value of 159 + -123 + 11 + -61?
-14
Calculate 14 + -11 + -8 - -1.
-4
What is the value of 9 + -27 + 12 + -9?
-15
What is -49 + -15 + (3 - -33) + -7?
-35
Calculate -8 - -5 - (2 + -25 + (5 - 10)).
25
Calculate -1 - (1 - ((7 - 2) + -13 + 7)).
-3
(27 - 0) + (12 - 2) - 12
25
What is the value of (1 + -7 - 4 - -10) + -11?
-11
What is -6 - (-2 + (-18 - -15))?
-1
What is -3 - (19 + -4 - (7 + 1))?
-10
-10 + -8 + -13 - -5
-26
Evaluate -4 + -9 + 6 + 2 + -3 - 3.
-11
-13 + (-5 + -1 - 0 - (37 - 42))
-14
What is the value of 16 + (12 - 38) - (-4 + 2 - 3)?
-5
What is -4 + (29 - 8) - (1 - -11)?
5
What is -2 - (2 + 0 - (-34 + 30))?
-8
-6 + 0 + (51 + -46 - (-15 - 1))
15
Calculate 0 - 5 - (-10 + 16 - (14 - 6)).
-3
What is -1 + (6 - 15) - -23 - 20?
-7
What is (14 - 12 - (6 + 2)) + 4 + 29?
27
What is 11 - -6 - 7 - (7 + 8 + -10)?
5
What is the value of 20 + 9 + (-34 - -16) - (1 - 9)?
19
Evaluate -5 - 4 - (11 + -15 + -4).
-1
What is the value of (7 + -1 - -5) + -5 + 4?
10
What is 9 + -1 + -8 + -9 - -1 - -27?
19
What is (2 + -1 - (11 + 37 + -53)) + 9?
15
What is the value of 15 + (-13 - -22) + (4 - -6)?
34
Evaluate (18 - (-19 - (-35 + -1))) + -4.
-3
What is 2 - (22 + -13 + -18)?
11
What is the value of 2 + 3 + -5 + 9 + 0 - 4?
5
-15 + -3 - -2 - (-2 + -7) - 4
-11
What is (-6 + (7 - 4) - (6 - 12)) + 12?
15
17 + 4 + 18 + -25
14
-55 + 24 - (-1 + -15)
-15
Evaluate 2 + 13 + (-9 - -10) - 2.
14
What is (0 + 1 - -4) + -1?
4
Evaluate 1 + -5 + (-11 - (9 - 8)) + 16.
0
What is the value of 5 - (-7 + (26 - 14))?
0
-7 - (-5 + 2 + 0 + -7)
3
What is (2 - ((6 - -1) + -3)) + -5 + 4?
-3
Calculate 11 + -3 + -9 + (-1 - -3) - 11.
-10
What is 2 + -25 + (14 + -7 - (26 - 20))?
-22
What is the value of -14 - ((-25 - 33) + 16)?
28
113 + -99 - (-1 + 6)
9
Calculate 0 - 5 - (29 + (-18 - 2)).
-14
Calculate 2 + 0 + -2 + (-1 - (-7 - 4)).
10
What is (15 - -5) + (4 - -2 - 13)?
13
Evaluate -9 + 0 + -12 + (9 - 3 - -2).
-13
Evaluate 168 + -168 + (0 - 0).
0
-31 + (6 + (-4 - -12) - 0)
-17
Calculate 32 + 18 + -34 + 1 + -10.
7
(-11 + (-6 - -10) - -1) + (10 - -1)
5
Calculate -20 - (31 + -20) - -10.
-21
Calculate -4 + 7 + 9 + 0 - -6.
18
26 + (-23 - -34) + -13
24
Evaluate 10 + (-42 - (25 - 47)).
-10
What is the value of 2 + (-23 - -29) + -16 + -1?
-9
What is (16 + -33 - 7) + (0 - -5)?
-19
What is -2 + (4 + 2 + 0 + 8 - 0)?
12
-3 + 9 + (1 - -1) - (50 - 33)
-9
-13 + 42 - 9 - 1
19
Calculate (3 + -11 - -16) + (2 - -1) + -19.
-8
12 + (-6 - (15 + -12))
3
Calculate 42 - 45 - (3 + -2 + 1 + 1).
-6
Evaluate (9 - 0) + -27 + (-14 - -41).
9
Calculate 45 - 54 - (-10 - 3 - -3).
1
What is the value of (25 - (77 - 65)) + -9 + 0?
4
What is 8 - (-20 - -27) - (1 + 8)?
-8
16 + 3 + (126 - 131) - -4
18
Calculate (-5 - (6 - 11